et g(k) = -195*k**2 + 1186*k - 10. Calculate g(6).
86
Let f(g) = -4*g**2 + 929*g - 5638. Determine f(226).
12
Let s(l) = -1420*l - 8523. Calculate s(-6).
-3
Let r(s) = 360*s + 1448. Calculate r(-4).
8
Let t(y) = -6*y**3 - 107*y**2 - 80*y + 65. Give t(-17).
-20
Let u(g) = 108*g - 758. Calculate u(7).
-2
Let v(j) = j**2 + 40*j + 208. Calculate v(-35).
33
Let v(a) = a**3 - 9*a**2 - 34*a - 233. Determine v(13).
1
Let h(y) = 538*y - 1103. Give h(2).
-27
Let i(u) = -2*u**2 - 56*u - 156. What is i(-4)?
36
Let p(i) = -2*i**2 - 51*i - 46. Give p(-26).
-72
Let r(k) = k**3 + 84*k**2 + 3*k + 250. Give r(-84).
-2
Let b(g) = -20*g - 715. Give b(-36).
5
Let z(m) = 4*m**3 - 39*m**2 - 7*m - 34. Determine z(10).
-4
Let f(a) = 31*a**2 - 1208*a - 20. What is f(39)?
19
Let c(m) = -2*m**2 + 6*m + 44. Determine c(-10).
-216
Let k(a) = a**2 - a - 7. What is k(11)?
103
Let c(i) = 21*i + 730. Determine c(-37).
-47
Let b(d) = -2*d**2 + 6*d. Give b(0).
0
Let r(b) = b**3 - 4*b**2 - 8*b + 1. Determine r(-4).
-95
Let g(m) = -5*m**2 - 159*m - 283. Give g(-30).
-13
Let p(c) = c**3 - 6*c**2 + 91*c - 335. Give p(4).
-3
Let p(w) = -416*w - 3389. Give p(-8).
-61
Let w(q) = -3*q**2 - 433*q - 15551. Calculate w(-77).
3
Let j(h) = h**3 - 105*h**2 - 1665*h - 144. Give j(119).
-25
Let y(v) = 3604*v - 10757. Give y(3).
55
Let k(h) = -h**3 - 35*h**2 + 71*h - 68. Give k(-37).
43
Let o(k) = k**3 - 54*k**2 + 105*k + 139. What is o(52)?
191
Let d(u) = u**3 - 24*u**2 - 142*u - 93. Calculate d(29).
-6
Let s(v) = -493*v + 112392. Determine s(228).
-12
Let k(l) = -l**3 - 23*l**2 - 106*l + 17. Give k(-7).
-25
Let x(r) = -2*r**3 + 12*r**2 + 23*r - 8. What is x(-2)?
10
Let h(i) = -3*i**2 + 95*i - 741. Calculate h(17).
7
Let o(a) = 29*a - 185. What is o(6)?
-11
Let v(r) = -299*r - 279. Determine v(-1).
20
Let x(k) = -3*k**2 - 5*k - 1. What is x(5)?
-101
Let d(n) = -3*n**3 + 142*n**2 - 51*n + 239. Calculate d(47).
51
Let t(o) = 329*o - 17772. Determine t(54).
-6
Let p(h) = 2*h**2 + 43*h - 303. What is p(-27)?
-6
Let i(q) = 6*q**2 + 1098*q + 2194. What is i(-2)?
22
Let g(l) = -2*l**3 - 32*l**2 + 32*l - 67. What is g(-17)?
-33
Let p(q) = -2*q**2 + 5*q + 70. Determine p(-4).
18
Let w(y) = y**3 - 8*y**2 + 87*y - 478. What is w(6)?
-28
Let y(l) = -3*l**3 - 22*l**2 - l + 66. What is y(-7)?
24
Let b(z) = 3*z**2 - 119*z + 262. Calculate b(37).
-34
Let o(r) = 18*r + 621. Calculate o(-13).
387
Let r(i) = -i**2 - 23*i + 6511. Calculate r(-93).
1
Let z(k) = -2*k**3 + 42*k**2 + 22*k + 356. Give z(22).
-128
Let a(v) = 3*v**2 - 10*v - 196. What is a(-9)?
137
Let l(h) = -3*h**2 + 63*h + 53. Give l(20).
113
Let r(p) = -p**3 - 18*p**2 - 77*p - 17. Calculate r(-8).
-41
Let d(w) = -6*w**2 + 167*w + 569. Determine d(31).
-20
Let q(r) = -1433*r + 8601. Calculate q(6).
3
Let c(k) = -k**3 + 104*k**2 - k + 114. What is c(104)?
10
Let y(p) = -p**3 + 6*p**2 + 320*p - 2186. What is y(7)?
5
Let b(a) = -a**2 + 37*a - 199. What is b(28)?
53
Let m(j) = -1268*j - 8882. Calculate m(-7).
-6
Let r(v) = 106*v + 987. What is r(-7)?
245
Let k(n) = n**3 - 20*n**2 + 54*n + 8. Give k(13).
-473
Let o(k) = -31*k - 138. Give o(-7).
79
Let s(i) = 432*i - 6380. What is s(15)?
100
Let k(o) = 2*o**3 - 26*o**2 + 12*o - 24. What is k(12)?
-168
Let p(y) = 109*y**2 + 2614*y - 45. Calculate p(-24).
3
Let g(a) = -4*a**2 + 790*a - 3458. Give g(193).
16
Let v(b) = -8*b**2 + 18*b + 259. Determine v(7).
-7
Let i(d) = d**3 + 22*d**2 + 21*d - 6. Give i(-21).
-6
Let r(o) = 54*o - 384. Give r(6).
-60
Let m(d) = 3*d**3 + 71*d**2 - 93*d + 170. Determine m(-25).
-5
Let u(j) = -57*j + 5657. What is u(99)?
14
Let l(n) = n**3 + 415*n**2 + 431*n + 7041. Calculate l(-414).
3
Let y(g) = -30*g + 1911. Determine y(64).
-9
Let p(w) = -w**2 + 20*w - 90. Calculate p(11).
9
Let y(s) = -2*s**3 + 14*s**2 + 2*s - 10. Determine y(6).
74
Let r(p) = 288*p + 4324. Determine r(-15).
4
Let c(p) = p**3 - 6*p**2 - 24*p + 100. Give c(7).
-19
Let p(f) = -15126*f + 30249. Give p(2).
-3
Let j(v) = -2*v**2 - 155*v + 198. What is j(-77)?
275
Let m(b) = -3*b**2 - 89*b + 32. What is m(-30)?
2
Let g(j) = -19*j - 228. What is g(-10)?
-38
Let o(u) = 11*u**2 - 126*u - 399. Calculate o(14).
-7
Let g(m) = 2*m**3 + 2*m**2 + m. Calculate g(-6).
-366
Let d(f) = -f**2 + 18*f - 137. Calculate d(8).
-57
Let q(n) = -n**2 + 68*n - 304. Give q(5).
11
Let j(w) = w**2 - 69*w + 433. Determine j(61).
-55
Let t(b) = b**3 - 10*b**2 + 39*b - 338. What is t(10)?
52
Let q(o) = 324*o + 9052. Calculate q(-28).
-20
Let o(m) = -122*m**2 - 39*m + 4. Calculate o(2).
-562
Let f(v) = 12667*v + 101336. Determine f(-8).
0
Let v(r) = -49*r - 756. What is v(-15)?
-21
Let t(x) = 129*x + 16119. Calculate t(-125).
-6
Let r(c) = -29*c - 944. Give r(-30).
-74
Let y(d) = -21*d**2 - 116*d - 43. Determine y(-7).
-260
Let f(j) = 2*j**3 + 97*j**2 + 42*j - 353. What is f(-48)?
-65
Let n(x) = x**2 - 32*x + 421. Give n(18).
169
Let k(t) = -9*t**2 - 182*t - 26. Determine k(-20).
14
Let v(o) = -24*o**2 + 951*o + 119. Determine v(40).
-241
Let i(k) = 36*k**3 + 17*k**2 - 14*k. What is i(1)?
39
Let z(i) = -i**2 - 6*i + 373. What is z(19)?
-102
Let h(u) = u**3 - 21*u**2 + 60*u - 14. Give h(17).
-150
Let o(d) = -55*d + 7. Determine o(-1).
62
Let y(c) = -c**3 - 41*c**2 - 39*c + 37. Give y(-40).
-3
Let i(x) = 4230*x + 25388. What is i(-6)?
8
Let n(b) = 2*b**3 + 13*b**2 - 33*b - 26. Determine n(-9).
-134
Let n(s) = -6*s**2 - 35*s - 60. Calculate n(-10).
-310
Let p(j) = -386*j - 371. Give p(-1).
15
Let b(i) = -124*i - 1990. Calculate b(-16).
-6
Let u(a) = a**2 - 150*a + 1685. Calculate u(12).
29
Let u(z) = -3*z**2 - 26*z - 46. Determine u(-4).
10
Let m(p) = -175*p + 37974. Calculate m(217).
-1
Let h(g) = -g**3 - 11*g**2 - 248*g - 2684. Determine h(-11).
44
Let x(b) = 2*b**3 + 9*b**2 - 67*b - 314. What is x(-7)?
-90
Let n(x) = -14*x**2 + 4*x - 8. Calculate n(2).
-56
Let g(w) = -326*w + 108236. Give g(332).
4
Let y(q) = 78*q + 2537. What is y(-32)?
41
Let q(a) = 11*a**3 - 2*a**2 - 16*a - 14. Give q(-1).
-11
Let i(f) = 2*f**3 + 15*f**2 + 18*f - 8. Give i(-6).
-8
Let b(w) = -2*w**3 + 28*w**2 + 44*w - 37. What is b(16)?
-357
Let p(k) = 16*k**2 - 2*k - 16. Calculate p(0).
-16
Let f(m) = -m**3 - 65*m**2 - 193*m - 154. What is f(-62)?
280
Let u(o) = 4343*o + 8660. Give u(-2).
-26
Let t(a) = 21*a - 103. What is t(6)?
23
Let q(u) = -2*u**3 - 5*u**2 + 5*u + 33. Determine q(-5).
133
Let p(n) = 509*n + 67697. Calculate p(-133).
0
Let d(y) = 3*y - 121. Calculate d(28).
-37
Let r(y) = -y**2 + 28*y - 58. Calculate r(2).
-6
Let j(q) = -q**3 + 196*q**2 + 363*q + 6540. What is j(198)?
6
Let o(z) = 6*z**2 + 32*z + 57. Give o(-3).
15
Let t(i) = 293*i + 3563. Determine t(-12).
47
Let w(x) = -3*x**2 - 314*x - 7680. What is w(-66)?
-24
Let r(i) = -44*i - 7. What is r(-13)?
565
Let c(u) = 6*u**2 - 102*u - 113. Determine c(18).
-5
Let n(z) = -z**3 + 65*z**2 + 8*z - 571. Determine n(65).
-51
Let s(o) = o**3 + 68*o**2 - 142*o - 151. Give s(-70).
-11
Let q(g) = -26*g**2 - 57*g + 22. What is q(-3)?
-41
Let u(x) = -57*x + 1579. Determine u(28).
-17
Let x(i) = -35*i**2 + 86*i + 345. What is x(-4)?
-559
Let w(v) = v**2 + 31*v - 127. Give w(-32).
-95
Let m(k) = 11*k + 28. Calculate m(0).
28
Let d(o) = 312*o + 901. Give d(-3).
-35
Let y(d) = d**2 - 33*d + 70. What is y(35)?
140
Let i(m) = 19*m**2 - 7*m - 147. Determine i(-8).
1125
Let a(x) = 49*x - 82. What is a(0)?
-82
Let d(k) = -11*k**3 + 3*k**2 + 4*k - 6. Calculate d(1).
-10
Let y(r) = r**2 - 6*r - 36. What is y(9)?
-9
Let j(d) = 240*d - 2877. What is j(12)?
3
Let h(p) = p**2 + 99*p - 3131. What is h(-124)?
-31
Let n(r) = 8*r**2 + 35*r - 67. What is n(2)?
35
Let i(a) = -154*a + 1393. Calculate i(9).
7
Let f(i) = 2*i**2 - 850*i + 5015. Calculate f(6).
-13
Let f(w) = -83*w**2 + 22*w + 52. Determine f(-2).
-324
Let u(n) = -9*n**3 + 11*n - 18. Determine u(3).
-228
Let j(c) = 38*c**2 + 4*c - 3. What is j(1)?
39
Let b(v) = -1637*v - 13101. Calculate b(-8).
-5
Let g(i) = -10*i**2 + 771*i - 61. Calculate g(77).
16
Let m(t) = -6*t**2 + 71*t - 14. What is m(12)?
-26
Let u(c) = 133*c + 47. What is u(-5)?
-618
Let i(k) = -k**3 - 304*k**2 + 1546*k + 4. Calculate i(5).
9
Let c(t) = 28*t - 147. Determine c(5).
-7
Let j(s) = -5*s**2 - 234*s - 1447. What is j(-6)?
-223
Let s(i) = 5*i**3 - i**2 + 14*i - 410. Determine s(0).
-410
Let u(i) = -539*i